110101010110?
1100110101111111
In base 10, what is 49232 + 12171?
61403
In base 11, what is 12561002 + -3?
12560aaa
In base 4, what is -102001 - -302001?
200000
In base 5, what is 2202213211 - 141?
2202213020
In base 15, what is -2d5d3 - 143?
-2d726
In base 3, what is 10001020111 + 222211?
10002020022
In base 6, what is -3450041 + -11?
-3450052
In base 3, what is 2202011012 - -202210?
2202220222
In base 2, what is 101 + 10001000100110111000101111000?
10001000100110111000101111101
In base 5, what is -33212 - -1211220?
1123003
In base 12, what is 3901426 - 25?
3901401
In base 12, what is 138 - 49212?
-49096
In base 14, what is 1 - -60c09dc?
60c09dd
In base 13, what is -3a075 - a?
-3a082
In base 14, what is -776 - -389d1?
38259
In base 12, what is 9ba1a5 + 92?
9ba277
In base 3, what is -1110210 - 121011010222?
-121012121202
In base 3, what is 202121 - -1101211121?
1102121012
In base 4, what is 102100 + -202101?
-100001
In base 7, what is 132621 + -4413?
125205
In base 4, what is 30101 - 102122?
-12021
In base 9, what is -12436555 - -4?
-12436551
In base 9, what is 21 + 42381225?
42381246
In base 11, what is -376 - 394a6?
-39871
In base 4, what is 10211221233021 + 11?
10211221233032
In base 3, what is -22221 - 11012201202?
-11020001200
In base 4, what is 120013322 + 1113311?
121133233
In base 4, what is -1011210 - -220301300?
213230030
In base 5, what is 4131230020 + -32?
4131224433
In base 3, what is 12 + 102010210210022?
102010210210111
In base 10, what is 339849 - 18?
339831
In base 9, what is 3021243238 + -3?
3021243235
In base 7, what is 43423210 - -2?
43423212
In base 11, what is 2 + -677a13?
-677a11
In base 15, what is 695e0d + 6?
695e14
In base 3, what is 1202220012002 - -1?
1202220012010
In base 7, what is -66545 - 22454?
-122332
In base 3, what is 10112 - -10110021002221?
10110021020110
In base 15, what is 7 + 1ca85?
1ca8c
In base 8, what is -5 - 215711672?
-215711677
In base 5, what is -114 - -342232441?
342232322
In base 16, what is 5313c - 14?
53128
In base 2, what is 0 + -1100011110110110011010001010?
-1100011110110110011010001010
In base 2, what is 111100101010111111 - 1100111110?
111100011110000001
In base 6, what is -120 + -4032304?
-4032424
In base 3, what is -2110 + -10000000211012?
-10000000220122
In base 13, what is -98a - 227a04?
-228691
In base 3, what is 11212220020021 - -2?
11212220020100
In base 15, what is 15c6db83 - -4?
15c6db87
In base 12, what is 0 - 7b8623?
-7b8623
In base 15, what is 1471 + 2bad?
412e
In base 2, what is -10 + 100101001100001111010110111?
100101001100001111010110101
In base 6, what is -23301242423 + -2?
-23301242425
In base 14, what is -b + -16aa6?
-16ab3
In base 2, what is 1010111 - -10000111101000010100?
10000111101001101011
In base 13, what is -219a - 2538?
-4705
In base 4, what is -2321232120 + -11320?
-2321310100
In base 12, what is -2b9483b3 + -4?
-2b9483b7
In base 10, what is -34 - 236401?
-236435
In base 2, what is -1010 - 10010111011100110111100001?
-10010111011100110111101011
In base 8, what is 13636 + 11512?
25350
In base 15, what is -1b03 - 13803?
-15406
In base 5, what is 1 - 10340400213?
-10340400212
In base 5, what is 42334410 + -122?
42334233
In base 12, what is -10 + -100b83?
-100b93
In base 3, what is -12 + 121112221020110?
121112221020021
In base 6, what is -1250502 + 45454?
-1201004
In base 16, what is -662c - 41?
-666d
In base 10, what is -275094229 + 5?
-275094224
In base 4, what is 1 + 1333121320021?
1333121320022
In base 8, what is 3 + 272650650?
272650653
In base 16, what is 3 - 50c7ea0?
-50c7e9d
In base 9, what is 367384 - -1?
367385
In base 2, what is 1110011000 + 1101100000110?
1111010011110
In base 8, what is -26110 - 26146?
-54256
In base 2, what is 101000110011100010110010111 + -1000?
101000110011100010110001111
In base 14, what is -4d38609 + 4?
-4d38605
In base 14, what is 31782b + -a3?
317768
In base 4, what is 233110 + 1132103?
2031213
In base 2, what is 1101101 + -1011010011011101111?
-1011010011010000010
In base 5, what is -114003 + 13414?
-100034
In base 9, what is -2715561340 - -2?
-2715561337
In base 2, what is -1111101 - -11111100000110001?
11111011110110100
In base 10, what is 4 - 58025708?
-58025704
In base 14, what is -23ad9 - 23a?
-23d35
In base 16, what is 10a - -51a9f?
51ba9
In base 8, what is -135 + 357702?
357545
In base 15, what is 3 + -2771072?
-277106e
In base 11, what is -a6033 + 783?
-a5360
In base 6, what is -45220 - -405353?
320133
In base 5, what is -12343222 - 4432?
-12403204
In base 4, what is 21203331 + 111212?
21321203
In base 8, what is 36 - -1030231?
1030267
In base 4, what is 32300 - 120132130?
-120033230
In base 5, what is 211232 - -3300?
220032
In base 3, what is -120122120122212110 + 21?
-120122120122212012
In base 7, what is -125 - -64142661?
64142533
In base 16, what is 1 + 9d52859?
9d5285a
In base 8, what is -24161 + -20721?
-45102
In base 16, what is 14e4de4 - -4?
14e4de8
In base 9, what is 1404525 + 14?
1404540
In base 12, what is -3b6 - -5375a?
53364
In base 11, what is 8718505 - -4?
8718509
In base 4, what is 32103 - -21230212?
21322321
In base 9, what is 714 - 18752?
-18037
In base 12, what is -3bb2 - 3815a?
-40150
In base 5, what is -441111410 - -4?
-441111401
In base 5, what is -1432243023 + -10?
-1432243033
In base 11, what is -5 + 30712073?
30712069
In base 8, what is -2253037 - -441?
-2252376
In base 3, what is 10121010 + -22222200?
-12101120
In base 2, what is 10000000111011 - 10011011000101001?
-10001010111101110
In base 11, what is -27a3042 + -63?
-27a30a5
In base 2, what is -100110010110101 - -1100100?
-100110001010001
In base 15, what is -109e2 + -118?
-10b0a
In base 13, what is -4241cb51 + 3?
-4241cb4b
In base 3, what is -12102000212 + 102112?
-12101121100
In base 7, what is -1440 - 33653?
-35423
In base 10, what is 44 + 1053154?
1053198
In base 16, what is 5 - 9495e8?
-9495e3
In base 14, what is 607a43a - 1?
607a439
In base 9, what is -176488156 + -1?
-176488157
In base 14, what is 4 - 4ab104?
-4ab100
In base 10, what is -471 - 316082?
-316553
In base 12, what is -2053a266 + -3?
-2053a269
In base 14, what is -5 - -1206b92?
1206b8b
In base 13, what is 0 + 20830c4?
20830c4
In base 11, what is -360a3 + -182?
-36275
In base 6, what is 350505141 - -300?
350505441
In base 16, what is 38621 - d8?
38549
In base 2, what is -10001010110 - -110101011110000101?
110101001100101111
In base 5, what is 32 - -121432123?
121432210
In base 8, what is 1252644736 - -1?
1252644737
In base 6, what is -13314324 - -3145?
-13311135
In base 2, what is 111111001100011110101 - -100?
111111001100011111001
In base 8, what is -115425 - -1146?
-114257
In base 2, what is -10 + -11011101100101000010101?
-11011101100101000010111
In base 14, what is -7 - -49b78d?
49b786
In base 8, what is 11367 + -47?
11320
In base 12, what is 4837665 + -4?
4837661
In base 9, what is 0 + 72856574?
72856574
In base 9, what is -40578 - 135?
-40724
In base 8, what is -3 + 713547212?
713547207
In base 6, what is -304230 - 5413?
-314043
In base 9, what is 3860 - -26247?
31217
In base 8, what is -5 + 236423623?
236423616
In base 8, what is 26751 + 34013?
62764
In base 6, what is -324 - -321133450?
321133122
In base 8, what is 531466541 - 5?
531466534
In base 16, what is add + 2731?
320e
In base 14, what is 2 + -1d1cbda?
-1d1cbd8
In base 7, what is 1 - 134536566?
-134536565
In base 14, what is -d77b3 - 2?
-d77b5
In base 11, what is -6038595 - -5?
-6038590
In base 15, what is -1ee14c04 - 5?
-1ee14c09
In base 8, what is -33 + -75255547?
-75255602
In base 9, what is -32884130 + 1?
-32884128
In base 16, what is 0 + -854ca1?
-854ca1
In base 15, what is -27b7 - 3649?
-5e11
In base 15, what is -13728275 - 1?
-13728276
In base 4, what is 10010202113 + -1111?
10010201002
In base 4, what is -12002200 + 2312?
-11333222
In base 9, what is 4 + 144628011?
144628015
In base 12, what is a866 - 1109?
9759
In base 12, what is -6642 + -1b500?
-25b42
In base 16, what is a976 - -c2?
aa38
In base 2, what is 1000010100 + -100101001001001?
-100100000110101
In base 15, what is 1ea8c53 - -3?
1ea8c56
In base 6, what is -151 + 240141?
235550
In base 8, what is 203 - 475033?
-474630
In base 7, what is -22336105 + 220?
-22335555
In base 15, what is 9750583 + 4?
9750587
In base 13, what is -66c7 - -2c